{"id":84,"date":"2017-03-18T17:08:24","date_gmt":"2017-03-18T16:08:24","guid":{"rendered":"http:\/\/daniel-geissler.de\/?page_id=84"},"modified":"2017-03-18T17:15:43","modified_gmt":"2017-03-18T16:15:43","slug":"impressum","status":"publish","type":"page","link":"http:\/\/daniel-geissler.de\/?page_id=84","title":{"rendered":"Impressum"},"content":{"rendered":"<p>Daniel Gei\u00dfler<\/p>\n<p>Nu\u00df\u00e4ckerstra\u00dfe 50<\/p>\n<p>74906 Bad Rappenau<\/p>\n<p>Tel. +49 (0)7066 910853<\/p>\n<p>E-Mail: houser@gmx.de<\/p>\n","protected":false},"excerpt":{"rendered":"<p>Daniel Gei\u00dfler Nu\u00df\u00e4ckerstra\u00dfe 50 74906 Bad Rappenau Tel. +49 (0)7066 910853 E-Mail: houser@gmx.de<\/p>\n","protected":false},"author":1,"featured_media":0,"parent":0,"menu_order":0,"comment_status":"closed","ping_status":"closed","template":"","meta":{"spay_email":""},"jetpack_sharing_enabled":false,"jetpack_shortlink":"https:\/\/wp.me\/P6H6bN-1m","jetpack_likes_enabled":true,"_links":{"self":[{"href":"http:\/\/daniel-geissler.de\/index.php?rest_route=\/wp\/v2\/pages\/84"}],"collection":[{"href":"http:\/\/daniel-geissler.de\/index.php?rest_route=\/wp\/v2\/pages"}],"about":[{"href":"http:\/\/daniel-geissler.de\/index.php?rest_route=\/wp\/v2\/types\/page"}],"author":[{"embeddable":true,"href":"http:\/\/daniel-geissler.de\/index.php?rest_route=\/wp\/v2\/users\/1"}],"replies":[{"embeddable":true,"href":"http:\/\/daniel-geissler.de\/index.php?rest_route=%2Fwp%2Fv2%2Fcomments&post=84"}],"version-history":[{"count":3,"href":"http:\/\/daniel-geissler.de\/index.php?rest_route=\/wp\/v2\/pages\/84\/revisions"}],"predecessor-version":[{"id":88,"href":"http:\/\/daniel-geissler.de\/index.php?rest_route=\/wp\/v2\/pages\/84\/revisions\/88"}],"wp:attachment":[{"href":"http:\/\/daniel-geissler.de\/index.php?rest_route=%2Fwp%2Fv2%2Fmedia&parent=84"}],"curies":[{"name":"wp","href":"https:\/\/api.w.org\/{rel}","templated":true}]}}